 of 4065?
True
Is 17 a factor of 124?
False
Is 38331 a multiple of 10?
False
Is 7 a factor of 1871?
False
Is 182 a multiple of 5?
False
Is 16455 a multiple of 15?
True
Is 49 a factor of 2205?
True
Is 56607 a multiple of 15?
False
Is 20 a factor of 26489?
False
Does 42 divide 23142?
True
Is 2080 a multiple of 17?
False
Does 80 divide 560?
True
Is 655 a multiple of 12?
False
Is 16940 a multiple of 70?
True
Is 53 a factor of 424?
True
Is 20984 a multiple of 61?
True
Is 8 a factor of 15447?
False
Does 30 divide 11490?
True
Does 119 divide 26509?
False
Is 27422 a multiple of 62?
False
Is 10 a factor of 7900?
True
Is 104 a multiple of 13?
True
Does 330 divide 14932?
False
Is 13816 a multiple of 127?
False
Does 23 divide 112?
False
Does 99 divide 13167?
True
Is 19 a factor of 684?
True
Is 15 a factor of 2028?
False
Is 78 a factor of 5418?
False
Is 41 a factor of 1845?
True
Does 250 divide 15025?
False
Is 30 a factor of 2550?
True
Is 40936 a multiple of 301?
True
Is 30595 a multiple of 145?
True
Does 32 divide 96?
True
Is 11 a factor of 208?
False
Is 3960 a multiple of 120?
True
Is 1368 a multiple of 19?
True
Does 10 divide 1140?
True
Does 19 divide 1539?
True
Is 2163 a multiple of 61?
False
Is 1722 a multiple of 6?
True
Does 70 divide 112897?
False
Is 13 a factor of 369?
False
Is 22 a factor of 1760?
True
Does 38 divide 1368?
True
Is 1272 a multiple of 16?
False
Is 42 a factor of 12390?
True
Is 45 a factor of 940?
False
Is 11 a factor of 4862?
True
Is 30 a factor of 573?
False
Is 1183 a multiple of 48?
False
Is 19 a factor of 779?
True
Is 231 a factor of 4158?
True
Is 2019 a multiple of 57?
False
Does 68 divide 3332?
True
Is 23 a factor of 13409?
True
Is 2276 a multiple of 10?
False
Does 29 divide 13026?
False
Is 15 a factor of 1779?
False
Is 15072 a multiple of 157?
True
Is 84 a factor of 27972?
True
Does 15 divide 3645?
True
Is 107 a factor of 9480?
False
Is 123 a multiple of 3?
True
Is 109368 a multiple of 28?
True
Does 16 divide 320?
True
Does 35 divide 5498?
False
Is 46 a factor of 29992?
True
Is 107 a factor of 8453?
True
Does 5 divide 614?
False
Does 18 divide 11322?
True
Is 13 a factor of 442?
True
Does 118 divide 45337?
False
Does 50 divide 1804?
False
Does 36 divide 17640?
True
Does 36 divide 92196?
True
Does 34 divide 251?
False
Is 21 a factor of 3374?
False
Is 28196 a multiple of 26?
False
Is 864 a multiple of 27?
True
Is 5179 a multiple of 3?
False
Is 1708 a multiple of 3?
False
Is 261 even?
False
Is 2195 a multiple of 2?
False
Does 78 divide 2574?
True
Is 15233 a multiple of 15?
False
Is 628 a multiple of 42?
False
Does 65 divide 25352?
False
Is 310 a multiple of 5?
True
Does 58 divide 4396?
False
Is 18495 a multiple of 15?
True
Does 74 divide 40108?
True
Does 42 divide 7434?
True
Is 171 a multiple of 31?
False
Does 30 divide 1410?
True
Does 30 divide 1290?
True
Is 277 a multiple of 13?
False
Is 34 a factor of 7990?
True
Is 60 a multiple of 4?
True
Does 82 divide 1311?
False
Is 33 a factor of 2353?
False
Is 24 a factor of 22989?
False
Is 7914 a multiple of 11?
False
Is 1627 a multiple of 18?
False
Does 21 divide 12222?
True
Is 7 a factor of 154?
True
Is 204 a factor of 20929?
False
Does 26 divide 57539?
False
Is 20 a factor of 6140?
True
Is 27 a factor of 54?
True
Does 17 divide 1683?
True
Is 417 a multiple of 49?
False
Is 11096 a multiple of 73?
True
Is 125 a multiple of 13?
False
Is 5 a factor of 385?
True
Does 24 divide 456?
True
Does 10 divide 310?
True
Does 33 divide 5181?
True
Does 11 divide 671?
True
Is 4 a factor of 96?
True
Does 23 divide 897?
True
Does 4 divide 620?
True
Is 15045 a multiple of 17?
True
Does 13 divide 18972?
False
Is 29 a multiple of 5?
False
Is 13430 a multiple of 17?
True
Is 75 a multiple of 15?
True
Is 100 a factor of 2900?
True
Is 10 a factor of 2440?
True
Does 71 divide 2414?
True
Is 8530 a multiple of 14?
False
Does 12 divide 15666?
False
Is 48678 a multiple of 21?
True
Does 20 divide 2620?
True
Does 6 divide 234?
True
Is 2 a factor of 905?
False
Is 79430 a multiple of 65?
True
Does 57 divide 1035?
False
Does 19 divide 55895?
False
Is 6 a factor of 6147?
False
Is 25 a factor of 2775?
True
Is 42 a factor of 117029?
False
Is 31720 a multiple of 52?
True
Is 1218 a multiple of 15?
False
Is 3836 a multiple of 11?
False
Does 31 divide 509?
False
Is 5 a factor of 75?
True
Is 1863 a multiple of 27?
True
Is 3 a factor of 16689?
True
Does 88 divide 2376?
True
Is 130 a factor of 26260?
True
Does 52 divide 16086?
False
Is 3 a factor of 641?
False
Is 6704 a multiple of 16?
True
Does 23 divide 1610?
True
Is 12474 a multiple of 7?
True
Is 33 a factor of 1650?
True
Is 34 a multiple of 12?
False
Is 419 a multiple of 20?
False
Does 12 divide 2400?
True
Is 2175 a multiple of 75?
True
Is 1855 a multiple of 53?
True
Is 136 a multiple of 8?
True
Does 63 divide 126?
True
Is 4181 a multiple of 171?
False
Is 680 a multiple of 15?
False
Is 13 a factor of 7755?
False
Is 71 a factor of 994?
True
Is 21 a factor of 4776?
False
Does 12 divide 1812?
True
Is 20 a factor of 1760?
True
Does 40 divide 4480?
True
Does 5 divide 2146?
False
Is 25 a factor of 15625?
True
Is 91056 a multiple of 271?
True
Is 57732 a multiple of 51?
True
Is 29 a factor of 4872?
True
Does 36 divide 216?
True
Does 156 divide 7644?
True
Does 4 divide 255?
False
Is 10 a factor of 4920?
True
Does 11 divide 3423?
False
Is 4 a factor of 1183?
False
Does 13 divide 195?
True
Is 3888 a multiple of 48?
True
Is 17 a factor of 4964?
True
Is 57 a factor of 228?
True
Does 2 divide 2004?
True
Is 33890 a multiple of 127?
False
Is 86278 a multiple of 47?
False
Is 25 a factor of 400?
True
Is 9 a factor of 882?
True
Is 15 a factor of 3444?
False
Does 66 divide 3024?
False
Does 18 divide 16223?
False
Does 5 divide 75?
True
Does 28 divide 470?
False
Is 13 a factor of 78?
True
Is 6 a factor of 7486?
False
Does 101 divide 31393?
False
Is 4 a factor of 315?
False
Does 33 divide 1485?
True
Is 112 a factor of 2240?
True
Is 9 a factor of 804?
False
Is 15 a factor of 735?
True
Is 58 a factor of 4814?
True
Is 6099 a multiple of 19?
True
Is 14 a factor of 275?
False
Does 110 divide 39930?
True
Does 34 divide 492?
False
Does 60 divide 2220?
True
Is 6633 a multiple of 71?
False
Is 140 a multiple of 7?
True
Is 43614 a multiple of 69?
False
Does 69 divide 35873?
False
Is 5839 a multiple of 18?
False
Does 12 divide 762?
False
Is 4545 a multiple of 208?
False
Is 9 a factor of 2075?
False
Is 54 a multiple of 27?
True
Is 532 a multiple of 76?
True
Is 2279 a multiple of 43?
True
Is 786 a multiple of 11?
False
Is 29354 a multiple of 13?
True
Is 1276 a multiple of 4?
True
Does 7 divide 561?
False
Is 6 a factor of 168?
True
Is 8449 a multiple of 6?
False
Does 31 divide 296?
False
Does 40 divide 12720?
True
Is 222 a factor of 64690?
False
Is 7 a factor of 548?
False
Does 120 divide 12375?
False
Does 47 divide 11703?
True
Is 52 a factor of 48204?
True
Is 27 even?
False
Is 1927 a multiple of 47?
True
Does 8 divide 1024?
True
Does 20 divide 56131?
False
Is 250 a multiple of 7?
False
Is 164 a factor of 11645?
False
Is 26642 a multiple of 14?
True
Is 12 a factor of 16620?
True
Is 84 a factor of 1260?
True
Is 100 a multiple of 8?
False
Is 12922 a multiple of 71?
True
Is 400 a multiple of 10?
True
Is 3654 a multiple of 58?
True
Is 516 a multiple of 6?
True
Is 5 a factor of 505?
True
Is 1872 a multiple of 13?
True
Is 374 a multiple of 2?
True
Is 44 a factor of 367?
False
Is 4160 a multiple of 32?
True
Is 30864 a multiple of 24?
True
Is 168 a factor of 6048?
True
Is 7 a factor of 1585?
False
Is 13 a factor of 168?
False
Does 18 divide 3931?
False
Does 83 divide 25930?
False
Is 50 a factor of 19300?
True
Is 16 a factor of 9045?
False
Is 633 a multiple of 55?
False
Is 51 a factor of 1331?
False
Does 13 divide 7124?
True
Does 35 divide 931?
False
Does 7 divide 72?
False
Does 52 divide 208?
True
Is 9180 a multiple of 17?
True
Is 2220 a multiple of 35?
False
Is 380 a multiple of 76?
True
Does 23 divide 285?
False
Does 62 divide 1178?
True
Is 8 a factor of 72?
True
Is 840 a multiple of 56?
True
Is 38010 a multiple of 14?
True
Is 1188 a multiple of 83?
False
Does 76 divide 107692?
True
Is 1347 a multiple of 2?
False
Is 33 a factor of 633?
False
Is 24525 a multiple of 45?
True
Is 121 a factor of 89056?
True
Is 12168 a 